78 - 48 = h. Suppose -3*j + 132 = -2*q, -j + q = 5*q - h. What is the remainder when j is divided by 5?
2
Let r = 16 + -10. Let t be (-3)/(r - 3) + -3. Calculate the remainder when (t - 0/3)*-3 is divided by 5.
2
Let q be (-1 - -1)*3/(-6). Let o(x) = x**3 + x**2 + 114. Let c be o(q). Suppose c = 4*w + 22. Calculate the remainder when 45 is divided by w.
22
Let q(d) = 14*d**2 - 2*d - 2. What is the remainder when 36 is divided by q(-1)?
8
Let n = -136 - -144. Suppose -4*b + 13 - 1 = 0. Calculate the remainder when n is divided by b.
2
Suppose 2*r - 67 - 15 = -2*d, -d - 4*r + 29 = 0. What is the remainder when 176 is divided by d?
41
Suppose 0 = 4*s - 8. Suppose -2*i = 3*o - 7, -5*i = -s*i - 3*o - 3. Let q = 0 - -8. Calculate the remainder when q is divided by i.
0
Let w be (-2)/(-7) + ((-1161)/21 - 3). Let v = 128 + w. Calculate the remainder when v is divided by 37.
33
Suppose -13*h - 211 = -705. Calculate the remainder when h is divided by 34.
4
Let f = 4 - -2. Let y(o) = o**2 - o + 3. Let v = 8 - 4. What is the remainder when y(v) is divided by f?
3
Let g(s) = s**3 + 6*s**2 - 77*s + 7. Calculate the remainder when g(-12) is divided by 3/2*204/9.
33
Let l = 1 + 8. Let c be (56*2 - -1)/1. Suppose -a + 3*i + 15 = -22, 5*a = -3*i + c. Calculate the remainder when a is divided by l.
7
Let j(a) = -190*a - 14. What is the remainder when j(-1) is divided by 59?
58
What is the remainder when ((-582)/(-4))/(9/6) is divided by 7?
6
Let g(w) = 52 - 8*w - 24 - 26. What is the remainder when 67 is divided by g(-4)?
33
Let s(n) = n**3 + 6*n**2 + 5*n + 3. What is the remainder when -1*(-446)/8 + (-3)/(-12) is divided by s(-4)?
11
Let k(y) = y**3 - 5*y**2 - y - 10. What is the remainder when 114 is divided by k(6)?
14
Let j = 160 + -60. Calculate the remainder when j is divided by 63/(-28) - 1305/(-36).
32
Let m(u) = -4 + 3*u - 4*u + 6 + 3*u**2 - 1. Calculate the remainder when m(-3) is divided by 11.
9
Let n = -7 + 22. Suppose n = 4*c - 5. Let l(s) = s + 10. Calculate the remainder when l(7) is divided by c.
2
Suppose 2*k - 47 = k + 3*z, 2*k + z - 129 = 0. Suppose 6*t - 1438 = k. Let m = -172 + t. Calculate the remainder when m is divided by 16.
14
Suppose 0 = -h - n - 3*n + 38, 0 = 5*h - n - 253. Suppose 17*k - 134 = 155. What is the remainder when h is divided by k?
16
Calculate the remainder when (-2 - -55) + (-10 - -3) is divided by 41.
5
Let l(m) = -m**3 + 10*m**2 + 2*m - 3. Let u = -25 - -107. Calculate the remainder when u is divided by l(10).
14
Suppose 0 = 5*v - 6*v - 4. Let y(h) = 2*h**2 - 4*h + 1. What is the remainder when y(v) is divided by 13?
10
Let l be -6 + 5 + -2*(-3 + 2). What is the remainder when 105 is divided by (9 - 28)*l*-2?
29
Let l(a) = a - 8. Let c be l(9). Calculate the remainder when (418/(-33))/(-2 + (-32)/(-18)) is divided by (-1)/c + (0 - -30).
28
Suppose -4*k + 5*k = 10. Let i be (-18)/27 - (-377)/3. Suppose -10 = -5*w, -4*c = -7*c - 4*w + i. Calculate the remainder when c is divided by k.
9
Let k(u) = u**2 + 31*u - 13. What is the remainder when 144 is divided by k(-32)?
11
Let s = -11 - -56. Calculate the remainder when 186 is divided by s.
6
Let d(m) = -7*m**3 - 2*m**2 - 3*m - 1. Suppose -s = 3*r - 58, 3*s - 50 = 2*s - r. Calculate the remainder when s is divided by d(-1).
4
Let h be -2*1*(5 + 1). Let t be (h/9)/(2/(-12)). Suppose -3*o = -2*o - t. What is the remainder when 23 is divided by o?
7
Suppose 0 = 4*i - 3*t - 8, 5*t - 9 = -i + 4*t. Let p(v) = -v**2 - 8*v + 4. What is the remainder when p(-6) is divided by i?
1
What is the remainder when -28*(4 + -6 - 0/(-3)) is divided by 12?
8
Let n = 6 - -2. Let z be 7/((-35)/10) - (-100 + -1). Let c = z - 77. What is the remainder when c is divided by n?
6
Let v(s) = 2*s**2 - 2*s - 6. Let c(w) = -17*w + 299. What is the remainder when v(-6) is divided by c(17)?
8
Suppose 2*f - 288 + 70 = 0. Let d = f - 98. What is the remainder when d is divided by 7?
4
Let o(l) = 51*l + 1111. Calculate the remainder when 276 is divided by o(-21).
36
Let k = 80 - 74. Let m(q) be the first derivative of q**4/4 - 5*q**3/3 + q**2/2 + 8*q + 1. What is the remainder when m(k) is divided by 13?
11
Let t(i) = i**3 - 9*i**2 + 2*i + 5. Suppose 5*l = -0*l - 720. Calculate the remainder when t(9) is divided by -3 - (l/(-3))/(-3).
10
Suppose 3*q = 137 + 64. What is the remainder when 226 is divided by q?
25
Suppose 19*y + 137 - 555 = 0. What is the remainder when y is divided by 13?
9
Suppose 0 = -a + u - 2, 0 = 5*a - 3*u - 0*u. Suppose 0 = -5*p + 3*h + 31, p - 3 = -0*p - h. What is the remainder when p is divided by a?
2
Let x = 0 + 13. Let d = 0 - -5. Suppose r = 5, -2*t = 3*t + d*r - 405. What is the remainder when t is divided by x?
11
Let n be 523 + (-3)/((-3)/1). Suppose 11*d - n = 257. Calculate the remainder when d is divided by 18.
17
Let d = -254 + 290. Calculate the remainder when 359 is divided by d.
35
Let j(v) = v - 13. Let k be j(17). Suppose -197 = -2*q - n, k*n + n - 313 = -3*q. What is the remainder when q is divided by 10?
6
Let p = 122 + -17. Suppose -5*k + p = 2*k. Calculate the remainder when 28 is divided by k.
13
Let v(p) = p**3 + p**2 - 66. Let t be v(0). Let a = t + 116. Suppose -4*b - b + a = 0. What is the remainder when 37 is divided by b?
7
Suppose 7*n - 8 = 5*n. Suppose -4*d - g + 3 = 0, -2*g + 0*g = n*d + 2. Suppose w = -5, d*l = -3*w - 14 + 147. Calculate the remainder when l is divided by 25.
24
Suppose 52 = 3*u - 59. Suppose 4*h + 24 = 5*v - 36, h - u = -2*v. Calculate the remainder when 93 is divided by v.
13
Let k be 0/(-2) + 168/12. Suppose -4*b - 3*g = -1, 6*b = 2*b + 2*g - k. Calculate the remainder when ((-21)/b)/(2/4) is divided by 8.
5
Let t = 69 - 31. Calculate the remainder when 67/(-9)*-10 + 36/(-81) is divided by t.
36
Suppose 4*g - 14 = -3*g. Suppose g*y - 84 = -y. What is the remainder when 82 is divided by y?
26
Let y = 122 - 57. Let d = -82 - -55. Calculate the remainder when y is divided by (-2)/9 + (-303)/d.
10
Let v(t) = -45*t - 9. What is the remainder when v(-2) is divided by (0 - 2/8)/(65/(-5460))?
18
What is the remainder when (-4)/(12/(-675)) - (-35 - -34) is divided by 46?
42
Let o = -68 - -70. Suppose -3*u + 4*w + 21 = -15, 2*u - 24 = -o*w. Calculate the remainder when 21 is divided by u.
9
Suppose -2*c = -z - c + 5, -2*z + 19 = -5*c. Let w = 64 - -6. Calculate the remainder when (-14)/77 - w/(-22) is divided by z.
1
Let h = 320 - 291. Calculate the remainder when 109 is divided by h.
22
Suppose -3*l - 500 = -8*l. Suppose 4*x + 4*o = -64, -4*x + 28 - l = -4*o. Calculate the remainder when 67 is divided by ((-6)/(-2))/((-3)/x).
16
What is the remainder when 196 is divided by (4420/(-6))/13*(-48)/40?
60
Suppose 0 = -6*l + 627 + 3. What is the remainder when 199 is divided by l?
94
Let d = -163 + 171. Let i(k) = 3*k**2 + k. Let b be i(-1). What is the remainder when (b/(-3))/((-1)/33) is divided by d?
6
Let a(c) = c**3 - 6*c**2 + 2. Let n = 66 - 61. Suppose 5*x - n*j = -5, -2*x + 6*j + 1 = 5*j. What is the remainder when x is divided by a(6)?
0
Let h(b) = -b**2 + 10*b + 3. Let w be h(10). Suppose -6*c = -2*c + o - 83, w*o = 4*c - 71. Calculate the remainder when 78 is divided by c.
18
Let p be 36/2*5/2. Suppose -5*a - 2*o - 3*o = -195, a - p = -3*o. Let c = -21 + a. Calculate the remainder when c is divided by 8.
7
Suppose 197 = 6*r + 131. Suppose 0 = -6*f + r*f - 1185. What is the remainder when f is divided by 48?
45
Suppose 2*y - 3 = -y. Let b be (9 - (3 + y))*-19. Let w = b + 180. Calculate the remainder when w is divided by 22.
19
Let o(s) = -102*s + 54*s + 13 - 5*s**3 + 54*s. Calculate the remainder when o(-3) is divided by 22.
20
Suppose 10*s - 288 - 112 = 0. Calculate the remainder when s is divided by 15.
10
Let m(q) = -2*q**3 + 23*q**2 + 106*q - 3. Let z = 5 + 14. Calculate the remainder when z is divided by m(15).
7
Let n be (478 - 16) + (-1)/((-1)/2). Suppose 19*h - 23*h = -n. Calculate the remainder when h is divided by 40.
36
Let d = 83 - 49. Calculate the remainder when 3 + -2 + 1 + 7 is divided by d/(-119) + ((-92)/(-14))/2.
0
Let w(i) = 2*i + 10. Let g be w(-4). Let h = -3 + 26. What is the remainder when h is divided by g*3/(-6)*-9?
5
Let y be -3*(-2)/6 - 31. Let d = 50 - y. What is the remainder when d is divided by (-1260